-5). Calculate the greatest common factor of f and 16.
8
Suppose -40 = -13*y + 9*y. Suppose 7*g - 4 = 346. Calculate the highest common factor of y and g.
10
Let f(x) = 8*x + 105. Let l be f(-10). What is the highest common divisor of 125 and l?
25
Let s be 8/(-28) + 24/(-14). Let p be 134 - (-2)/2*s. Suppose -62 = -5*l - n, -3*l + 27*n - 30*n = -42. Calculate the highest common divisor of p and l.
12
Suppose -6 = -6*m + 150. Let s = m + -12. Calculate the greatest common divisor of 7 and s.
7
Suppose 0 = -4*c - 4*x + 24, -47 = -2*c - 4*x + 9*x. What is the highest common factor of 11 and c?
11
Let a = 103 + -73. What is the greatest common factor of 50 and a?
10
Suppose 12 = 3*o + 5*h, 4*h + 0*h = 0. Let r be 33 + 1 - (4 + -2). Calculate the highest common divisor of r and o.
4
Suppose -n - 4*i + 4 = 0, -4*n + 4*i - i = -16. Suppose -4*d + n = 0, 3*j - 3*d = j + 205. What is the highest common factor of 13 and j?
13
Let s be (-36)/162 + 38/9. Let n(v) = 4*v**2 - 2*v + 4. Let l be n(s). Let k(w) = -9*w - 3. Let q be k(-2). Calculate the highest common factor of q and l.
15
Suppose 0 = 8*h - 7*h - 2. Suppose h*w = -k + 19, -w + k - 31 = -4*w. Calculate the greatest common divisor of 20 and w.
4
Let v be ((40*9)/3)/1. Suppose 6*k - k = v. Suppose -3*n = 2*d - 88, -k - 40 = -2*n - 4*d. Calculate the highest common factor of n and 224.
28
Let i(p) = -p**2 - 13*p + 5. Let g be i(-13). Suppose -2*k - 6*s + 26 = -3*s, 0 = g*k - 2*s - 84. What is the greatest common divisor of 2 and k?
2
Suppose 6*h = h + 45. Suppose -11*y + 20*y - 324 = 0. What is the highest common divisor of h and y?
9
Let w(s) = 2*s + 119. Let n be w(0). Suppose 4*b = -11 + n. What is the highest common factor of 27 and b?
27
Let p(z) = 100*z**2 + 2*z + 1. Let b be p(-1). Let o(v) = -4*v - 17. Let n be o(-7). What is the highest common factor of b and n?
11
Let p be ((-35)/(-7))/((-10)/(-140)). Calculate the highest common factor of p and 14.
14
Suppose 3*j + s = 29 + 29, 95 = 5*j + 2*s. Suppose 15 = 5*y - 5*g, -3*y + 31 = 5*g - 2. Let z = y - 3. Calculate the highest common factor of z and j.
3
Suppose 0 = 5*b - 53 + 8. Suppose -1015 = b*x - 4*x. Let f = x - -287. What is the highest common factor of 12 and f?
12
Suppose 5*p - 4 = -3*s, 0 = -3*p - s + 4. Suppose -p*b + 3 + 49 = 0. What is the highest common divisor of 78 and b?
26
Suppose -475 = -11*c + 6*c. Suppose j - 3 - c = 5*z, 2*j = -z - 24. Let g be -3*12/9 - z. Calculate the highest common divisor of g and 48.
16
Suppose 5*x - x = 12. Let b be 16/6 + x/9. Suppose -b*k = 4*o - 501, -846 = 2*k - 7*k - 3*o. What is the highest common factor of 19 and k?
19
Suppose -305 = -2*a + 3*h, -163*a + 161*a + 5*h = -307. Calculate the highest common factor of 2 and a.
1
Let q = -31 + 51. Let o = 18 - -38. Let c = -51 + o. What is the greatest common divisor of q and c?
5
Let u(y) be the first derivative of -21*y**2/2 - 15*y - 20. Let v be u(-14). Calculate the greatest common divisor of 31 and v.
31
Let y be 50/6*(-462)/(-55). Calculate the highest common divisor of 42 and y.
14
Let t be 63/(-14) - 2/(-4). Let h be (t/2 - 23)/(-1). Let s = 656 - 431. Calculate the greatest common divisor of h and s.
25
Let v be 4/14 + 768/56. Suppose v + 51 = 5*j. Let a = 41 - j. What is the greatest common divisor of 4 and a?
4
Let s(a) = 4*a + 72. Let y be s(4). What is the highest common factor of 11 and y?
11
Suppose -24*p + 19*p + 20 = 0, -4*i + p + 64 = 0. What is the greatest common factor of 187 and i?
17
Suppose 38*u - 68 - 46 = 0. Calculate the greatest common factor of 69 and u.
3
Let y = -17 + 19. Suppose -3*x - y*h + 30 + 38 = 0, 28 = x - 2*h. Calculate the greatest common divisor of x and 12.
12
Suppose y + 2*q = -0*y + 27, -5*y - q + 153 = 0. Let j = -26 + y. Calculate the greatest common divisor of j and 5.
5
Let l(g) = 27*g - 2. Let w be l(2). What is the highest common factor of 1092 and w?
52
Let b = 2905 + -2003. Calculate the highest common divisor of b and 22.
22
Suppose 3*b - 2*k - 3*k + 18 = 0, 3*k - 5 = -4*b. Let p be 96 - (b - (-1 + 4) - -2). Calculate the greatest common factor of p and 14.
14
Let q(i) = i**3 + 9*i**2 - 14*i - 20. Let d be q(-10). What is the highest common factor of d and 12?
4
Let m be ((-153)/102)/(-1 - 495/(-498)). What is the greatest common factor of 6 and m?
3
Suppose 0 = -6*d - 0*d + 48. Let g be -1*34*(-12)/d. Calculate the greatest common factor of g and 34.
17
Let t(g) be the first derivative of -4*g**2 - 58*g - 19. Let j be t(-9). Calculate the greatest common divisor of 154 and j.
14
Suppose 204*c = 202*c - 342. Let s be 4/18 + (-911)/9. Let p = s - c. What is the greatest common factor of 105 and p?
35
Suppose -5*w = z - 35, -144 - 89 = -5*z + 4*w. Let b be -2 + 17 + (-4 - -6). Suppose -2 + b = 3*l. What is the greatest common divisor of l and z?
5
Let s = -251 - -276. Calculate the greatest common factor of 175 and s.
25
Suppose 0 = -6*b + 10*b - 28. Suppose -b*i + 6*i + 96 = 0. Calculate the highest common divisor of 144 and i.
48
Suppose 0 = 2*r + 2*s - 0*s - 18, 4*r + 5*s = 32. Calculate the highest common divisor of 13 and r.
13
Let l(d) = d**3 + 10*d**2 + 2*d + 5. Let u be l(-5). Suppose 2*z - c - u - 108 = 0, 5*z - 5*c = 580. Calculate the highest common factor of z and 32.
16
Suppose -12 = -7*b + 6*b. Let w = 260 + -164. Calculate the highest common factor of b and w.
12
Suppose -2131 = -2*b - d, 40*d - 42*d + 1061 = b. Calculate the highest common factor of b and 11.
11
Suppose 3*f - 7 = -4*c + 5*c, -1 = -4*f + 3*c. Let i be -26*((-3)/(-4))/((-6)/f). Calculate the highest common factor of i and 104.
13
Suppose -3*y + 12 = y. Suppose -y*w + 15 = -0*w. Suppose -w*b + 5*d + 91 + 44 = 0, b + 5*d = 9. Calculate the highest common divisor of 120 and b.
24
Let a(r) = -r + 23. Let l be a(-5). Let x be (l/(-21))/((4/78)/(-1)). Calculate the greatest common factor of x and 13.
13
Let i = 58 - 53. Suppose -13 = -2*z + 3*w, -i*z + 2*w = -z - 14. What is the highest common divisor of 6 and z?
2
Let s(r) = r**3 + 20*r**2 + 36*r + 85. Let u be s(-18). Calculate the highest common factor of 10 and u.
5
Suppose 0 = 3*c - 49 + 4. Let m(r) = -5*r - 50. Let u be m(-11). Calculate the greatest common divisor of u and c.
5
Suppose -11*x = -27*x + 2912. Suppose -2*q - 2*v = -58, 42 + 59 = 4*q - v. Calculate the greatest common divisor of x and q.
26
Let w = -40 + 40. Suppose 9*z + 5*z - 322 = w. What is the highest common divisor of 23 and z?
23
Let y(c) be the third derivative of c**6/24 - c**3/6 + 10*c**2. Let a be y(1). What is the highest common factor of 6 and a?
2
Let z = -273 - -311. What is the highest common divisor of 304 and z?
38
Suppose 0 = -5*j + 14 + 21. Suppose -y - 4*r + 5 = -0*y, j = y + 3*r. Let k be (126/(-2))/9 + 59. Calculate the highest common divisor of k and y.
13
Let z(w) = -139*w**3 + w**2 + w + 1. Suppose 8 = -4*d + 4. Let c be z(d). Calculate the highest common divisor of 20 and c.
20
Suppose -4*g + 19*g = 1140. What is the greatest common divisor of 171 and g?
19
Suppose -2*v + 48 = -0*z + 3*z, -4*v - 5*z + 94 = 0. What is the highest common divisor of 56 and v?
7
Let p(s) = 2*s**2 + 12*s + 8. Let c(o) = -o**2. Let g(v) = -c(v) - p(v). Let f be g(-10). Let k = 14 + 22. Calculate the greatest common factor of f and k.
12
Suppose 0 = w + 5*v - 145, -4*w + 5*w = 4*v + 100. What is the highest common factor of w and 80?
40
Suppose -100 = -2*u + 2*m, 18*u - 21*u + 174 = 3*m. What is the highest common divisor of u and 198?
18
Let c be -36*(60/(-35))/(27/168). What is the highest common divisor of 336 and c?
48
Let v be (-12)/8*2384/(-12). Let q = v + -178. Calculate the highest common factor of q and 30.
30
Let y = 60 + -57. Suppose 2*q = 3*i + 5*q - 45, 15 = y*q. Calculate the highest common divisor of i and 6.
2
Suppose -5*t = -g - 0*t + 11, t - 17 = -3*g. Let d be 46 - g/(-9)*3. What is the highest common factor of 6 and d?
6
Let m(b) = b**3 - 4*b**2 + 16*b - 4. Let h be m(4). Calculate the highest common divisor of h and 150.
30
Let u be (-68)/(-18) + 12/54. Suppose 0*b = -u*b + 12. Suppose -2*r + 2*l + 8 = 0, -25 - 35 = -5*r - b*l. Calculate the greatest common factor of 81 and r.
9
Suppose -2*d + 24 = 2*d. Let p(g) = g**3 - 3*g**2 + 5*g + 3. Let s be p(3). Calculate the gr